3. Suppose 2*b - 324 = -2*l, 8*l = 4*l - 3*b + r. What is the tens digit of l?
5
What is the tens digit of ((-78)/5)/((-104)/447200)?
8
Let x(b) = 11*b**2 - 4*b + 4. Let k be x(4). Suppose -35*s + k + 746 = 0. What is the tens digit of s?
2
Let x(g) = g - 17. Let i be x(13). Let l be ((-70)/i)/(-7)*-2. Suppose l*q + 1070 = 10*q. What is the hundreds digit of q?
2
Let h = -1686 + 4214. What is the tens digit of h?
2
Suppose 4*y - 16 = 464. Suppose 4*j = c + y, 438 = -4*c - 4*j - j. Let h = c + 160. What is the tens digit of h?
4
Suppose -30*j = -25*j - 20, 4*b - 9776 = -3*j. What is the hundreds digit of b?
4
Let y(b) = 2*b**2 - 8*b + 45. What is the units digit of y(-16)?
5
Let u(z) = 352*z**2 - 57*z + 21. What is the hundreds digit of u(-10)?
7
Let c(n) = -n**2 - 9*n. Let g be c(-9). Suppose -3*y + 8*y - 30 = g. Suppose y*t - 2*t - 4*s - 440 = 0, -5*s = t - 92. What is the tens digit of t?
0
Let r = -504 + 262. Let h = 319 + r. What is the units digit of h?
7
Let o = 12793 - 3735. What is the thousands digit of o?
9
Let c = -2311 - -5325. What is the thousands digit of c?
3
Let k(c) = -87*c**2 + 3*c - 3. Let f be k(-2). What is the hundreds digit of (-6)/(1434/f - -4)?
3
Let q = -2938 + 11008. What is the hundreds digit of q?
0
Let b be 10 + 6/(-15) + (-39)/15. Suppose -5*i = 3*n - 482, 6*n + 159 = b*n + 2*i. What is the units digit of n?
9
Suppose -17*v + 18*v = 3*a + 2017, 2*a - v + 1343 = 0. Let p = -296 - a. What is the units digit of p?
8
Suppose -5*x - 9 = o - 2*x, o - 1 = 2*x. Let b be 7/3 + ((-2)/(-2))/o. What is the units digit of 196/(-70)*(-5)/4*b?
7
Let m = 111 + -78. Suppose m*u - 37*u + 2808 = 0. What is the hundreds digit of u?
7
Suppose 21*c = 16*c - 50. Let y(n) = -3*n - 29. Let p be y(c). What is the hundreds digit of (p/3 + -1)*-177?
1
What is the tens digit of (-2)/(-1) - 1020096/(-96)?
2
Suppose -2*n = -5*n + 2*l + 22798, -2*n - 3*l + 15190 = 0. What is the units digit of n?
8
Let g(q) = 15*q**3 + 5*q**2 + q. Let s(f) = -f**2. Suppose -15*d + 8 = -7*d. Let v(w) = d*g(w) + 3*s(w). What is the tens digit of v(2)?
3
Suppose 66*m + 1906378 = 81*m + 31*m. What is the ten thousands digit of m?
4
Let h(a) = 51*a**2 - 5*a - 62. What is the tens digit of h(-10)?
8
Let x(o) = -3*o**3 - 88*o**2 - 77*o + 80. What is the ten thousands digit of x(-42)?
7
What is the units digit of (-144)/(-30)*(40676/16 - 6)?
4
Suppose 4*d + 212*d - 2297976 = 4984032. What is the tens digit of d?
1
Let y(j) = -19*j**2 - 29*j + 41. Let r(p) = -9*p**2 - 14*p + 21. Let q(x) = 7*r(x) - 3*y(x). Let c be q(-10). Let b = c - -656. What is the tens digit of b?
9
Let r be (-159)/21 - (-15)/(-35). What is the hundreds digit of r/84 - (-7373)/21?
3
Let b = -26 - -65. Suppose -o - 4*l = -514 - b, -6 = -2*l. Suppose 4*s - 1689 = -o. What is the hundreds digit of s?
2
Let c(r) be the second derivative of r**4/3 + 11*r**3/3 - 23*r**2 + 60*r. What is the hundreds digit of c(-19)?
9
Let f(b) = -77 - 3*b + 12*b**2 + 159 - 81. What is the hundreds digit of f(7)?
5
Let a be 2784/126 + 4/(-42). Suppose 0 = -28*i + a*i + 5964. What is the hundreds digit of i?
9
Suppose 540860 = 12980*z - 12970*z. What is the tens digit of z?
8
Let c = -2800 - -16053. What is the thousands digit of c?
3
Let d be (-2)/3*(-3 + -2 + -4). What is the units digit of 2/((d/744)/1)?
8
Suppose -61 - 67 = 16*d. What is the tens digit of (-10 - (d + 4)) + 158?
5
Let c(n) = -5*n + 28. Let o(g) = 2*g - 9. Let s(u) = 4*c(u) + 11*o(u). What is the units digit of s(-2)?
9
Suppose -4*q + 5*g = 15, -4*q + 4*g - 15 - 1 = 0. Let z be (-1 - -4) + (q - -2). Suppose 0 = 5*h - 3*a - 139, z*a + a = -h + 23. What is the units digit of h?
6
Let g(d) = -7*d**2 - 14*d**2 + 20*d**2 + 10*d + 26. Let o be g(12). What is the units digit of 54/63 + o/14?
1
Let r = -105 - -105. Suppose -27*f + 22*f + 4*q + 6873 = r, 2*q = -2*f + 2742. What is the hundreds digit of f?
3
Let w = -246 - -242. What is the tens digit of -107*w*(-2)/(-8)?
0
Let l(z) = z**2 + 12*z - 557. What is the thousands digit of l(42)?
1
Let h(c) = 4*c - 31. Let d(k) = 3*k - 30. Let g(y) = -6*d(y) + 5*h(y). Let j be g(17). Let o = 110 - j. What is the units digit of o?
1
Let g(v) = -4*v**3 - 5*v**2 + v + 3. Let z be (-38)/(-19) - (-3)/(3/34). Let q = z - 40. What is the units digit of g(q)?
5
Let w(q) = -q**3 + 3*q**2 + 6*q + 4. Let k be w(5). What is the tens digit of 280/k*70/(-25)?
4
Suppose -24872 = -a + 5*t, -34946 = -4*a - 3*t + 64703. What is the hundreds digit of a?
9
Let l = -39307 + 67317. What is the hundreds digit of l?
0
Suppose 0 = 2*g - 2*b, -2*g - 2 + 6 = -3*b. What is the tens digit of 24/(-7)*(g - 1086/12)?
2
Let q be (0 - 0)/(-2 - (-2 - -3)). Suppose q = 7*a - 221 - 24. What is the tens digit of a?
3
Let j(h) = h**3 - 11*h**2 - 24*h - 24. Suppose -3*d + 7 + 32 = 0. Let w be j(d). What is the tens digit of -18*(-5 + 4) + w?
2
Let i = 13435 + -7367. What is the hundreds digit of i?
0
Suppose 9*r + 38 = -10*r. What is the units digit of 4 + r/(-5 + 689/138)?
0
Let l = -7282 - -8823. What is the tens digit of l?
4
What is the thousands digit of (18738944/(-2240))/(4/(-10))?
0
Let q = 33 - 37. Let z be (4 + (-16)/(-4) - -1) + q. Suppose -12*y + z*y + 126 = 0. What is the units digit of y?
8
Suppose 0 = -5*p - 4*a - 0 + 83, -5*a = -5*p + 110. Suppose 4*w + p = 55. Let x = w + -4. What is the units digit of x?
5
Suppose r - 15*r + 224175 + 354389 = 0. What is the hundreds digit of r?
3
Suppose 5*u = -5*c + 20, 4*c = 1 + 3. Suppose 2*r = 5*n - 10*n + 643, 0 = u*n - 3. What is the tens digit of r?
1
Let y(d) = 20*d + 1. Let h be y(1). Suppose 0 = -l + h + 28. Suppose -z = -0*z - l. What is the units digit of z?
9
Let r(f) = -295*f - 4357. What is the units digit of r(-38)?
3
Let t = -24 - -30. Let c(y) = 6 + 3 + 31*y - t + 14. What is the units digit of c(5)?
2
Suppose -265*w - m = -269*w + 171889, 5*m - 128957 = -3*w. What is the tens digit of w?
7
Suppose 5*s = 2*o - 22, -3*s - 16 = -2*o - 2*o. Let h be 28/5 + (-21)/35*o. Suppose -a + 840 = 4*m - h*a, 1005 = 5*m + 4*a. What is the units digit of m?
5
Let q = 3262 - 2302. What is the tens digit of q?
6
Let f(j) = 16 + 2*j**2 - 235*j + 530*j - 273*j. Suppose 0 = -5*g + 4*b - 0*b - 62, g = -3*b - 20. What is the tens digit of f(g)?
0
Let l(u) = -13*u**3 - 7*u - 10. Let r be l(-4). Let z be 1/((-3398)/r - -4). Suppose 0 = -7*y + 2*y + z. What is the tens digit of y?
8
Suppose -21*b + 591516 = 15*b. What is the ten thousands digit of b?
1
Suppose -486 = 3*i - 12*i. Suppose 5*u = l - i, 4*u = -4*l - 80 + 368. What is the units digit of l?
9
Let c(j) = 60*j - 2. Let r be c(-1). Suppose 6*l - 840 = -2*l. Let n = r + l. What is the units digit of n?
3
Let y be ((3 - 7) + 14)/2. Suppose -139 = -3*t - y*g, -2*t + 5*t - 2*g = 125. Suppose m - t = 28. What is the tens digit of m?
7
Let s = 15464 - 10892. What is the hundreds digit of 24/3 - s/(-4)?
1
Let l be 3/9*0*4/(-8). Suppose 3*d + s - 54 - 708 = l, 4*d - 1016 = -4*s. What is the units digit of d?
4
Suppose 2*u = u. Suppose 4*v + u*q - 5*q = 29, 3 = -3*q. Let y(p) = 8*p + 5. What is the units digit of y(v)?
3
Let d be (4 - 5)*3 + -1. What is the hundreds digit of ((-266)/63 - d) + (-6988)/(-18)?
3
Suppose b + 0 = -4. Let r be (-206)/b*(-1 - 1). Let y = 193 + r. What is the units digit of y?
0
Suppose 3*a = -2 - 10. Let k(h) = 19*h**2 + 4*h - 3. What is the hundreds digit of k(a)?
2
Let y(t) be the first derivative of t**3/3 - 17*t**2/2 - 36*t - 62. What is the units digit of y(-8)?
4
Suppose -14955 = -5*n - 2*j, -419*j = -4*n - 420*j + 11964. What is the units digit of n?
1
Let v = 159 + -80. Suppose 128 = k - v. Let z = k - 29. What is the hundreds digit of z?
1
Suppose -18*g + 6*g + 5*c + 410560 = 0, -4*c + 68388 = 2*g. What is the units digit of g?
0
Let x be (-42)/5 + (-10)/(-25). Let t = 8 + x. Suppose 1 + t = u - 2*w, -5*u - 4*w + 5 = 0. What is the units digit of u?
1
Let z(m) = 56*m**2 + 70*m - 23. What is the thousands digit of z(-17)?
4
Let p(v) = 145*v**2 + 39*v + 3. What is the hundreds digit of p(5)?
8
Let q be (28/3)/(10/165). Suppose 8 = -152*i + q*i. Suppose -3*j - 200 = -i*j. What is the units digit of j?
0
What is the ten thousands digit of (55389 - -662) + -1*(-2 - 6)?
5
Let t(i) = i**2 - 9*i - 8. Let w be t(10). Suppose -w*c + a -